{"id":3961,"date":"2025-05-22T19:34:57","date_gmt":"2025-05-22T19:34:57","guid":{"rendered":"https:\/\/espaginasweb.com\/sinalergia\/?post_type=product&#038;p=3961"},"modified":"2025-09-11T16:50:17","modified_gmt":"2025-09-11T19:50:17","slug":"elastipiojo-colet-repelente-piojo-natural","status":"publish","type":"product","link":"https:\/\/espaginasweb.com\/sinalergia\/tienda\/elastipiojo-colet-repelente-piojo-natural\/","title":{"rendered":"Elastipiojo Colet repelente de piojos natural 4 un"},"content":{"rendered":"<p>Sab\u00edas que los Piojos de la cabeza producen:<\/p>\n<p>Una picaz\u00f3n intensa, especialmente en el cuello y detr\u00e1s de las orejas.<\/p>\n<p>&#8211; Pueden generarte llagas por rascarse.<br \/>\n&#8211; Esas llagas pueden infectarse con bacterias.<br \/>\n&#8211; Y tambi\u00e9n puede provocar problemas para dormir, porque los piojos son m\u00e1s activos en la oscuridad.<\/p>\n<p>La primera vez que se tienen piojos, la reacci\u00f3n al\u00e9rgica puede tardar un par de semanas en aparecer.\u00a0Pero en las siguientes visitas de los piojos, las defensas del cuerpo solo tardan de 24 a 48 horas en avisar.<\/p>\n<p>Los piojos son peque\u00f1os insectos sin alas que se alimentan de la sangre del cuero cabelludo.\u00a0Se contagian entre personas con gran facilidad.<\/p>\n<p>Los insectos suelen pasarse por contacto directo del pelo de una persona al de otra.<\/p>\n<p>100% naturales. Contiene aceites esenciales.<\/p>\n","protected":false},"excerpt":{"rendered":"<p>Sab\u00edas que los Piojos de la cabeza producen una picaz\u00f3n intensa, especialmente en el cuello y detr\u00e1s de las orejas. Pueden generarte llagas por rascarse. Esas llagas pueden infectarse con bacterias. Y tambi\u00e9n puede provocar problemas para dormir, porque los piojos son m\u00e1s activos en la oscuridad. 100% naturales. Contiene aceites esenciales<\/p>\n","protected":false},"featured_media":4042,"template":"","meta":[],"product_brand":[],"product_cat":[90],"product_tag":[127],"class_list":{"0":"post-3961","1":"product","2":"type-product","3":"status-publish","4":"has-post-thumbnail","6":"product_cat-repelentes","7":"product_tag-picadura-insecto","9":"first","10":"instock","11":"shipping-taxable","12":"purchasable","13":"product-type-simple"},"_links":{"self":[{"href":"https:\/\/espaginasweb.com\/sinalergia\/wp-json\/wp\/v2\/product\/3961","targetHints":{"allow":["GET"]}}],"collection":[{"href":"https:\/\/espaginasweb.com\/sinalergia\/wp-json\/wp\/v2\/product"}],"about":[{"href":"https:\/\/espaginasweb.com\/sinalergia\/wp-json\/wp\/v2\/types\/product"}],"wp:featuredmedia":[{"embeddable":true,"href":"https:\/\/espaginasweb.com\/sinalergia\/wp-json\/wp\/v2\/media\/4042"}],"wp:attachment":[{"href":"https:\/\/espaginasweb.com\/sinalergia\/wp-json\/wp\/v2\/media?parent=3961"}],"wp:term":[{"taxonomy":"product_brand","embeddable":true,"href":"https:\/\/espaginasweb.com\/sinalergia\/wp-json\/wp\/v2\/product_brand?post=3961"},{"taxonomy":"product_cat","embeddable":true,"href":"https:\/\/espaginasweb.com\/sinalergia\/wp-json\/wp\/v2\/product_cat?post=3961"},{"taxonomy":"product_tag","embeddable":true,"href":"https:\/\/espaginasweb.com\/sinalergia\/wp-json\/wp\/v2\/product_tag?post=3961"}],"curies":[{"name":"wp","href":"https:\/\/api.w.org\/{rel}","templated":true}]}}