{"id":3880,"date":"2025-03-06T14:08:32","date_gmt":"2025-03-06T14:08:32","guid":{"rendered":"https:\/\/espaginasweb.com\/sinalergia\/?post_type=product&#038;p=3880"},"modified":"2025-09-04T20:19:28","modified_gmt":"2025-09-04T20:19:28","slug":"esponja-facial-konjac-natural-hbm","status":"publish","type":"product","link":"https:\/\/espaginasweb.com\/sinalergia\/tienda\/esponja-facial-konjac-natural-hbm\/","title":{"rendered":"Esponja facial Konjac Natural HBM"},"content":{"rendered":"<p>Esponja que est\u00e1 compuesta en un 100% por ra\u00edces de Konjac sin aditivos. Limpia, exfolia y suaviza todo tipo de piel, pero en especial las sensibles ya que es depurativa. Restablece el equilibrio de la dermis.<\/p>\n<p>Modo de uso:<br \/>\nHumed\u00e9cela con agua hasta que est\u00e9 suave y blanda,<br \/>\nTambi\u00e9n puedes usarla junto a tu agua micelar o desmaquillante en reemplazo de los p\u00e9talos de algod\u00f3n. Masajea tu piel durante 1 a 2 minutos con movimientos circulares. Luego enju\u00e1gala bajo el chorro de agua y cuelga para que se seque.<\/p>\n<p>Reempl\u00e1zala cada 1 \u00f3 2 meses.<br \/>\n100% natural<br \/>\n100% sin aditivos<br \/>\n100% biodegradable<br \/>\n100% vegano<\/p>\n","protected":false},"excerpt":{"rendered":"<p>Esponja que est\u00e1 compuesta en un 100% por ra\u00edces de Konjac sin aditivos. Limpia, exfolia y suaviza todo tipo de piel, pero en especial las sensibles ya que es depurativa. Restablece el equilibrio de la dermis<\/p>\n","protected":false},"featured_media":3883,"template":"","meta":[],"product_brand":[],"product_cat":[97,98],"product_tag":[120,121],"class_list":{"0":"post-3880","1":"product","2":"type-product","3":"status-publish","4":"has-post-thumbnail","6":"product_cat-cuidado-personal","7":"product_cat-cuidado-de-la-piel","8":"product_tag-limpieza","9":"product_tag-piel-sensible","11":"first","12":"instock","13":"shipping-taxable","14":"purchasable","15":"product-type-simple"},"_links":{"self":[{"href":"https:\/\/espaginasweb.com\/sinalergia\/wp-json\/wp\/v2\/product\/3880","targetHints":{"allow":["GET"]}}],"collection":[{"href":"https:\/\/espaginasweb.com\/sinalergia\/wp-json\/wp\/v2\/product"}],"about":[{"href":"https:\/\/espaginasweb.com\/sinalergia\/wp-json\/wp\/v2\/types\/product"}],"wp:featuredmedia":[{"embeddable":true,"href":"https:\/\/espaginasweb.com\/sinalergia\/wp-json\/wp\/v2\/media\/3883"}],"wp:attachment":[{"href":"https:\/\/espaginasweb.com\/sinalergia\/wp-json\/wp\/v2\/media?parent=3880"}],"wp:term":[{"taxonomy":"product_brand","embeddable":true,"href":"https:\/\/espaginasweb.com\/sinalergia\/wp-json\/wp\/v2\/product_brand?post=3880"},{"taxonomy":"product_cat","embeddable":true,"href":"https:\/\/espaginasweb.com\/sinalergia\/wp-json\/wp\/v2\/product_cat?post=3880"},{"taxonomy":"product_tag","embeddable":true,"href":"https:\/\/espaginasweb.com\/sinalergia\/wp-json\/wp\/v2\/product_tag?post=3880"}],"curies":[{"name":"wp","href":"https:\/\/api.w.org\/{rel}","templated":true}]}}