{"id":3868,"date":"2023-08-30T23:51:04","date_gmt":"2023-08-30T23:51:04","guid":{"rendered":"https:\/\/espaginasweb.com\/sinalergia\/?post_type=product&#038;p=3868"},"modified":"2025-09-09T18:09:26","modified_gmt":"2025-09-09T18:09:26","slug":"cinturon-millennial-stitched-cuero-cafe-nickelzero","status":"publish","type":"product","link":"https:\/\/espaginasweb.com\/sinalergia\/tienda\/cinturon-millennial-stitched-cuero-cafe-nickelzero\/","title":{"rendered":"Cintur\u00f3n Millennial Stitched Cuero Caf\u00e9 Nickelzero"},"content":{"rendered":"<p>Cintur\u00f3n de cuero con hebilla anti n\u00edquel certificada.<\/p>\n","protected":false},"excerpt":{"rendered":"<p>Cintur\u00f3n de cuero con hebilla anti n\u00edquel certificada. Distintos tama\u00f1os.<\/p>\n","protected":false},"featured_media":3875,"template":"","meta":[],"product_brand":[],"product_cat":[88],"product_tag":[119],"class_list":{"0":"post-3868","1":"product","2":"type-product","3":"status-publish","4":"has-post-thumbnail","6":"product_cat-anti-niquel","7":"product_tag-niquel","9":"first","10":"instock","11":"shipping-taxable","12":"purchasable","13":"product-type-variable"},"_links":{"self":[{"href":"https:\/\/espaginasweb.com\/sinalergia\/wp-json\/wp\/v2\/product\/3868","targetHints":{"allow":["GET"]}}],"collection":[{"href":"https:\/\/espaginasweb.com\/sinalergia\/wp-json\/wp\/v2\/product"}],"about":[{"href":"https:\/\/espaginasweb.com\/sinalergia\/wp-json\/wp\/v2\/types\/product"}],"wp:featuredmedia":[{"embeddable":true,"href":"https:\/\/espaginasweb.com\/sinalergia\/wp-json\/wp\/v2\/media\/3875"}],"wp:attachment":[{"href":"https:\/\/espaginasweb.com\/sinalergia\/wp-json\/wp\/v2\/media?parent=3868"}],"wp:term":[{"taxonomy":"product_brand","embeddable":true,"href":"https:\/\/espaginasweb.com\/sinalergia\/wp-json\/wp\/v2\/product_brand?post=3868"},{"taxonomy":"product_cat","embeddable":true,"href":"https:\/\/espaginasweb.com\/sinalergia\/wp-json\/wp\/v2\/product_cat?post=3868"},{"taxonomy":"product_tag","embeddable":true,"href":"https:\/\/espaginasweb.com\/sinalergia\/wp-json\/wp\/v2\/product_tag?post=3868"}],"curies":[{"name":"wp","href":"https:\/\/api.w.org\/{rel}","templated":true}]}}