{"id":3844,"date":"2023-08-30T19:15:51","date_gmt":"2023-08-30T19:15:51","guid":{"rendered":"https:\/\/espaginasweb.com\/sinalergia\/?post_type=product&#038;p=3844"},"modified":"2025-09-11T15:20:52","modified_gmt":"2025-09-11T18:20:52","slug":"purificador-ionizador-aire-ionair-40-ultrauv","status":"publish","type":"product","link":"https:\/\/espaginasweb.com\/sinalergia\/tienda\/purificador-ionizador-aire-ionair-40-ultrauv\/","title":{"rendered":"Purificador Ionizador De Aire IonAir 40 UltraUV"},"content":{"rendered":"<p>Purifica hasta 40 metros cuadrados. Mejora tu calidad de vida y disminuye las consecuencias de las alergias respiratorias al eliminar sistem\u00e1ticamente el material particulado del aire. Elimina el polvo, polen, \u00e1caros, moho y otros alergenos, adem\u00e1s de filtrar, ionizar y purificar hasta el 99,97% de las part\u00edculas de mayor tama\u00f1o:<\/p>\n<p>1. Pre-Filtro<br \/>\nFiltra con eficacia el polvo, el pelo, la caspa, las part\u00edculas grandes de la flotaci\u00f3n, reduciendo efectivamente el beb\u00e9, los ni\u00f1os a menudo picaz\u00f3n, erupci\u00f3n roja, enrojecimiento, estornudos, secreci\u00f3n nasal y as\u00ed sucesivamente.<\/p>\n<p>2. Filtro HEPA Grado 13 De Alta Eficiencia<br \/>\nPosee un filtros HEPA grado 13, reconocido internacionalmente como uno de los mejores sistema de filtrado del mundo, tienen la capacidad filtrar part\u00edculas de hasta 0,3 m, generando una purificaci\u00f3n de un 99,97%. Purificaci\u00f3n integral, elimina pm2.5, polvo, bacterias y otros contaminantes, haciendo que el aire sea m\u00e1s saludable. Actualmente esta tecnolog\u00eda se utiliza en la industria cl\u00ednica, aeron\u00e1utica, alimenticia, etc.<\/p>\n<p>3. Filtro De Carb\u00f3n Activado<br \/>\nUniformemente, y el efecto de la purificaci\u00f3n por contacto con el aire puede mejorarse de 5 a 10 veces que el del carb\u00f3n activado granular tradicional. Material de carbono microcristalino, negro, estructura de poros interna desarrollada. Compuesto microcristalino capaz de adsorber mol\u00e9culas de gas de material de carbono de diferentes tama\u00f1os, negro, estructura de poros interna desarrollada. Compuesto de gas capaz de adsorber mol\u00e9culas de diferentes tama\u00f1os.<\/p>\n<p>4. Filtro Fotocatalizador<br \/>\nDescomposici\u00f3n de formaldeh\u00eddo benceno xileno tolueno .TVOC con rayos ultravioleta y otros gases nocivos.<\/p>\n<p>5. L\u00e1mpara UV<br \/>\nPosee 2 tubos de radiaci\u00f3n ultravioleta de permiten una inoculaci\u00f3n de virus, bacterias y otros pat\u00f3genos que se encuentren en el aire.<\/p>\n<p>6. Generador De IONES, Sin Ozono<br \/>\nEl modelo emite 10\u00d710\u2076 pcs\/cm\u00b3 para que tu ambiente este Ionizado, libre de material particulado permitiendo un ambiente libre de contaminantes. Nuestras m\u00e1quinas no generan Ozono.<\/p>\n<p>Adem\u00e1s:<\/p>\n<p>Indicador de calidad del aire PM2.5:<\/p>\n<p>Despu\u00e9s de poner en marcha la m\u00e1quina, comprueba autom\u00e1ticamente el contenido de part\u00edculas en el aire cerca de la m\u00e1quina.<\/p>\n<p>Hay 4 colores de indicador de calidad del aire, que son azul, verde, p\u00farpura y rojo.<\/p>\n<p>El azul representa el contenido de part\u00edculas en el aire de 0-50 \u03bcg\/m3 (la calidad del aire es excelente).<br \/>\nEl verde representa el contenido de part\u00edculas en el aire de 51-100 \u03bcg\/m3 (la calidad del aire es buena).<br \/>\nEl p\u00farpura representa el contenido de part\u00edculas en el aire de 101-200 \u03bcg\/m3 (la calidad del aire es normal).<br \/>\nEl color rojo indica que el contenido de las part\u00edculas en el aire es m\u00e1s de 201 \u03bcg\/m3 (la calidad del aire es &#8220;pobre\u201d).<\/p>\n<p>Tres modos de uso<\/p>\n<p>a. Modo autom\u00e1tico, cambia el color de la luz autom\u00e1ticamente seg\u00fan la calidad del aire. Si la calidad del aire es mala, la unidad aumentar\u00e1 la velocidad del viento autom\u00e1ticamente.<\/p>\n<p>b. El modo sleep, tan silencioso que no lo sientes funcionar.<\/p>\n<p>c. Reinicio del filtro, para cambiar el filtro<\/p>\n<p>Caracter\u00edsticas del producto:<\/p>\n<p>Modo de suspensi\u00f3n y ajuste de la velocidad del viento 1-2-3<br \/>\nRecordatorio de reemplazo de filtro<br \/>\nBloqueo para ni\u00f1os<br \/>\nFunci\u00f3n de temporizaci\u00f3n 1-2-4-8h<br \/>\nPrefiltro + filtro HEPA 13 + Iones Negativos + Filtro de Carb\u00f3n activo<br \/>\nFunci\u00f3n de aromaterapia<br \/>\nPanel t\u00e1ctil<\/p>\n<p>Estructura de la m\u00e1quina:<\/p>\n<p>Cuerpo principal<br \/>\nFiltro HEPA grado 13<br \/>\nEsponja de aromaterapia<br \/>\nTapa inferior<\/p>\n<p>Mantenimiento de filtros:<br \/>\nMantenimiento periodico y reemplazo de filtros es esencial para mantener la efectividad de tu purificador de aire.<\/p>\n","protected":false},"excerpt":{"rendered":"<p>Mant\u00e9n tu ambiente limpio y fresco con el purificador en 6 etapas IonAir 40: Prefiltro, Filtro HEPA 13, Filtro fotocalizador, L\u00e1mpara UV, Ionizador y Filtro de carb\u00f3n activo. IONAIR 40 no solo elimina el polvo, polen, \u00e1caros, moho y otros alergenos, sino que adem\u00e1s filtra, ioniza y purifica hasta el 99,97% de las part\u00edculas de mayor tama\u00f1o.<\/p>\n","protected":false},"featured_media":3847,"template":"","meta":[],"product_brand":[],"product_cat":[91],"product_tag":[122,124,125,123],"class_list":{"0":"post-3844","1":"product","2":"type-product","3":"status-publish","4":"has-post-thumbnail","6":"product_cat-purificadores-de-aire","7":"product_tag-acaros","8":"product_tag-caspa-de-animales","9":"product_tag-moho","10":"product_tag-polen","12":"first","13":"instock","14":"shipping-taxable","15":"purchasable","16":"product-type-simple"},"_links":{"self":[{"href":"https:\/\/espaginasweb.com\/sinalergia\/wp-json\/wp\/v2\/product\/3844","targetHints":{"allow":["GET"]}}],"collection":[{"href":"https:\/\/espaginasweb.com\/sinalergia\/wp-json\/wp\/v2\/product"}],"about":[{"href":"https:\/\/espaginasweb.com\/sinalergia\/wp-json\/wp\/v2\/types\/product"}],"wp:featuredmedia":[{"embeddable":true,"href":"https:\/\/espaginasweb.com\/sinalergia\/wp-json\/wp\/v2\/media\/3847"}],"wp:attachment":[{"href":"https:\/\/espaginasweb.com\/sinalergia\/wp-json\/wp\/v2\/media?parent=3844"}],"wp:term":[{"taxonomy":"product_brand","embeddable":true,"href":"https:\/\/espaginasweb.com\/sinalergia\/wp-json\/wp\/v2\/product_brand?post=3844"},{"taxonomy":"product_cat","embeddable":true,"href":"https:\/\/espaginasweb.com\/sinalergia\/wp-json\/wp\/v2\/product_cat?post=3844"},{"taxonomy":"product_tag","embeddable":true,"href":"https:\/\/espaginasweb.com\/sinalergia\/wp-json\/wp\/v2\/product_tag?post=3844"}],"curies":[{"name":"wp","href":"https:\/\/api.w.org\/{rel}","templated":true}]}}