{"id":3705,"date":"2023-01-11T01:57:51","date_gmt":"2023-01-11T01:57:51","guid":{"rendered":"https:\/\/espaginasweb.com\/sinalergia\/?post_type=product&#038;p=3705"},"modified":"2023-07-16T20:17:58","modified_gmt":"2023-07-16T20:17:58","slug":"guantes-desechables-de-nitrilo-antilatex-100-un","status":"publish","type":"product","link":"https:\/\/espaginasweb.com\/sinalergia\/tienda\/guantes-desechables-de-nitrilo-antilatex-100-un\/","title":{"rendered":"Guantes Desechables De Nitrilo Antil\u00e1tex 100 UN"},"content":{"rendered":"<p>Para procedimientos que requieran t\u00e9cnica est\u00e9ril con riesgo de contacto con agentes contaminantes, sangre y\/o fluidos corporales, para prevenir y proteger a los pacientes, personal y p\u00fablico. En personas al\u00e9rgicas al l\u00e1tex.<\/p>\n","protected":false},"excerpt":{"rendered":"<p>Para procedimientos que requieran t\u00e9cnica est\u00e9ril con riesgo de contacto con agentes contaminantes para prevenir y proteger a los pacientes, personal y p\u00fablico. En personas al\u00e9rgicas al l\u00e1tex.<\/p>\n","protected":false},"featured_media":3706,"template":"","meta":[],"product_brand":[],"product_cat":[97,99],"product_tag":[],"class_list":{"0":"post-3705","1":"product","2":"type-product","3":"status-publish","4":"has-post-thumbnail","6":"product_cat-cuidado-personal","7":"product_cat-guantes-desechables","9":"first","10":"instock","11":"shipping-taxable","12":"purchasable","13":"product-type-simple"},"_links":{"self":[{"href":"https:\/\/espaginasweb.com\/sinalergia\/wp-json\/wp\/v2\/product\/3705","targetHints":{"allow":["GET"]}}],"collection":[{"href":"https:\/\/espaginasweb.com\/sinalergia\/wp-json\/wp\/v2\/product"}],"about":[{"href":"https:\/\/espaginasweb.com\/sinalergia\/wp-json\/wp\/v2\/types\/product"}],"wp:featuredmedia":[{"embeddable":true,"href":"https:\/\/espaginasweb.com\/sinalergia\/wp-json\/wp\/v2\/media\/3706"}],"wp:attachment":[{"href":"https:\/\/espaginasweb.com\/sinalergia\/wp-json\/wp\/v2\/media?parent=3705"}],"wp:term":[{"taxonomy":"product_brand","embeddable":true,"href":"https:\/\/espaginasweb.com\/sinalergia\/wp-json\/wp\/v2\/product_brand?post=3705"},{"taxonomy":"product_cat","embeddable":true,"href":"https:\/\/espaginasweb.com\/sinalergia\/wp-json\/wp\/v2\/product_cat?post=3705"},{"taxonomy":"product_tag","embeddable":true,"href":"https:\/\/espaginasweb.com\/sinalergia\/wp-json\/wp\/v2\/product_tag?post=3705"}],"curies":[{"name":"wp","href":"https:\/\/api.w.org\/{rel}","templated":true}]}}