{"id":3695,"date":"2023-01-11T01:46:11","date_gmt":"2023-01-11T01:46:11","guid":{"rendered":"https:\/\/espaginasweb.com\/sinalergia\/?post_type=product&#038;p=3695"},"modified":"2025-09-05T19:14:58","modified_gmt":"2025-09-05T19:14:58","slug":"jabon-alumbre-carbon-activado-arbol-te","status":"publish","type":"product","link":"https:\/\/espaginasweb.com\/sinalergia\/tienda\/jabon-alumbre-carbon-activado-arbol-te\/","title":{"rendered":"Jab\u00f3n Alumbre Con Carb\u00f3n Activado Y \u00c1rbol De T\u00e9 HBM"},"content":{"rendered":"<p>El carb\u00f3n activado es un gran limpiador que elimina impurezas y restos de suciedad en la piel.<\/p>\n<p>Controla el exceso de grasa, por lo que se utiliza para equilibrar pieles mixtas o grasas y en tratamientos de ciertos problemas cut\u00e1neos, como el acn\u00e9.<\/p>\n<p>Suaviza el cutis, d\u00e1ndole una apariencia m\u00e1s uniforme y refinada.<\/p>\n<p>Aporta luminosidad y as\u00ed la piel se ve limpia y radiante.<\/p>\n<p>Su poder exfoliante renueva la piel y la aclara.<\/p>\n<p>Ingredientes:<\/p>\n<p>Palmato de sodio\/ Kernelato de palma de sodio\/ Agua\/\u00c1cido de palma<br \/>\n\u00c1cido de palmiste\/ Glicerina\/ TetrasodioEDTA<br \/>\n\u00c1cido etidr\u00f3nico, Potasio Aluminio<br \/>\nSulfato, extracto de flor de Calendula Officinalis\/Olus<br \/>\n(vegetal) Aceite\/BHT (butilhidroxitolueno-antioxidante) Polvo de carb\u00f3n vegetal, Melaleuca<br \/>\nAceite de hoja de alternifolia<\/p>\n","protected":false},"excerpt":{"rendered":"<p>Jab\u00f3n de limpieza corporal en base a glicerina con carb\u00f3n activo que desinfecta, ayuda a remover toxinas y a absorber la grasa de la piel. El aceite del \u00e1rbol del t\u00e9 tiene propiedades antis\u00e9pticas y ayuda a aliviar el acn\u00e9.<\/p>\n","protected":false},"featured_media":3696,"template":"","meta":[],"product_brand":[],"product_cat":[97,98],"product_tag":[121],"class_list":{"0":"post-3695","1":"product","2":"type-product","3":"status-publish","4":"has-post-thumbnail","6":"product_cat-cuidado-personal","7":"product_cat-cuidado-de-la-piel","8":"product_tag-piel-sensible","10":"first","11":"instock","12":"shipping-taxable","13":"purchasable","14":"product-type-simple"},"_links":{"self":[{"href":"https:\/\/espaginasweb.com\/sinalergia\/wp-json\/wp\/v2\/product\/3695","targetHints":{"allow":["GET"]}}],"collection":[{"href":"https:\/\/espaginasweb.com\/sinalergia\/wp-json\/wp\/v2\/product"}],"about":[{"href":"https:\/\/espaginasweb.com\/sinalergia\/wp-json\/wp\/v2\/types\/product"}],"wp:featuredmedia":[{"embeddable":true,"href":"https:\/\/espaginasweb.com\/sinalergia\/wp-json\/wp\/v2\/media\/3696"}],"wp:attachment":[{"href":"https:\/\/espaginasweb.com\/sinalergia\/wp-json\/wp\/v2\/media?parent=3695"}],"wp:term":[{"taxonomy":"product_brand","embeddable":true,"href":"https:\/\/espaginasweb.com\/sinalergia\/wp-json\/wp\/v2\/product_brand?post=3695"},{"taxonomy":"product_cat","embeddable":true,"href":"https:\/\/espaginasweb.com\/sinalergia\/wp-json\/wp\/v2\/product_cat?post=3695"},{"taxonomy":"product_tag","embeddable":true,"href":"https:\/\/espaginasweb.com\/sinalergia\/wp-json\/wp\/v2\/product_tag?post=3695"}],"curies":[{"name":"wp","href":"https:\/\/api.w.org\/{rel}","templated":true}]}}

Jabón Alumbre Con Carbón Activado Y Árbol De Té HBM

<p>El carbón activado es un gran limpiador que elimina impurezas y restos de suciedad en la piel.</p>
<p>Controla el exceso de grasa, por lo que se utiliza para equilibrar pieles mixtas o grasas y en tratamientos de ciertos problemas cutáneos, como el acné.</p>
<p>Suaviza el cutis, dándole una apariencia más uniforme y refinada.</p>
<p>Aporta luminosidad y así la piel se ve limpia y radiante.</p>
<p>Su poder exfoliante renueva la piel y la aclara.</p>
<p>Ingredientes:</p>
<p>Palmato de sodio/ Kernelato de palma de sodio/ Agua/Ácido de palma<br />
Ácido de palmiste/ Glicerina/ TetrasodioEDTA<br />
Ácido etidrónico, Potasio Aluminio<br />
Sulfato, extracto de flor de Calendula Officinalis/Olus<br />
(vegetal) Aceite/BHT (butilhidroxitolueno-antioxidante) Polvo de carbón vegetal, Melaleuca<br />
Aceite de hoja de alternifolia</p>

<p>Jabón de limpieza corporal en base a glicerina con carbón activo que desinfecta, ayuda a remover toxinas y a absorber la grasa de la piel. El aceite del árbol del té tiene propiedades antisépticas y ayuda a aliviar el acné.</p>
