{"id":3641,"date":"2023-01-11T01:00:10","date_gmt":"2023-01-11T01:00:10","guid":{"rendered":"https:\/\/espaginasweb.com\/sinalergia\/?post_type=product&#038;p=3641"},"modified":"2025-09-10T11:34:09","modified_gmt":"2025-09-10T14:34:09","slug":"biohealtchip-allergy","status":"publish","type":"product","link":"https:\/\/espaginasweb.com\/sinalergia\/tienda\/biohealtchip-allergy\/","title":{"rendered":"Biohealthchip Alergias"},"content":{"rendered":"<p>BioHealthChip\u00aeAllergy<br \/>\n\u00bfPicaz\u00f3n, estornudos o irritaciones?<br \/>\n\u00bfReacciones excesivas a los animales dom\u00e9sticos o a los alimentos?<\/p>\n<p>Una alergia puede referirse a varios tipos de reacciones inmunes. El sistema inmune del cuerpo responde a una o m\u00e1s sustancias conocidas como al\u00e9rgenos. Ejemplos de ello son el polen, pasto, polvo, licopodio, moho, caspa de las mascotas, \u00e1caros del polvo o los ingredientes nutritivos. El cuerpo reacciona a una respuesta inflamatoria sist\u00e9mica que puede resultar en s\u00edntomas como la secreci\u00f3n nasal, poner la vida en peligro por shock anafil\u00e1ctico y hasta la muerte.<\/p>\n<p>\u00bfC\u00f3mo funciona?  Cuando usas por primera vez tu BioHealthChip\u00ae, se vuelve de inmediato personalizado porque \u00e9ste utiliza tu propia frecuencia del cuerpo, para entregarte los resultados que necesitas.  En consecuencia, tu BioHealthChip\u00ae se personaliza a tu propia frecuencia y no debe ser compartido con otros.  \u00bfC\u00f3mo se aplica? <\/p>\n<p>El BioHealthChip\u00ae se lleva alrededor del cuello para que el tri\u00e1ngulo se apoye en el estern\u00f3n, justo en el plexo solar, con la banda magn\u00e9tica en contacto con tu piel. Se puede llevar de d\u00eda y de noche.  Las mujeres tambi\u00e9n lo puede adjuntar al sost\u00e9n o llevarlo por dentro del sujetador. Siempre y cuando se apoya contra la piel. Sin embargo, no use un alfiler de gancho de metal para sostenerlo. \u00a1Atenci\u00f3n!  El BioHealthChip\u00ae no debe entrar en contacto con el agua, los metales preciosos o los imanes.  Si  est\u00e1s siendo medicado, por favor no deje de tomar el medicamento. Tenemos casos de personas que tuvieron \u00e9xito en reducir y suspender su medicaci\u00f3n, pero esto se debe hacer de forma gradual y en consulta con su m\u00e9dico.  Efectos secundarios: Ninguno.  El BioHealthChip\u00ae tambi\u00e9n es adecuado para: personas con marcapaso, mujeres embarazadas o en per\u00edodo de lactancia, y para los ni\u00f1os.  Dependiendo de la condici\u00f3n individual de tu cuerpo, la eficacia global puede variar de persona a persona. Te dar\u00e1s cuenta de los beneficios m\u00e1ximos en hasta 4 meses.  Especial para: alergias, estornudos, rinitis, irritaci\u00f3n, picaz\u00f3n<\/p>\n<p>Nota: en 1990 el Instituto para la Tecnolog\u00eda y las Ciencias Espaciales de USA condujo un test que concluy\u00f3 que el campo Magn\u00e9tico del Biohelthchip fue de entre 1 y 2 Gauss.  Equivalente al valor del campo magn\u00e9tico de la Tierra.<\/p>\n<p>Un producto Sinalergia S.A. www.sinalergia.cl Fono (02) 22-721-6976<\/p>\n","protected":false},"excerpt":{"rendered":"<p>BIOMAGNETISMO &#8211; Tratamiento Complementario para combatir la picaz\u00f3n, estornudos, irritaciones y reacciones excesivas a animales dom\u00e9sticos.<\/p>\n","protected":false},"featured_media":3642,"template":"","meta":[],"product_brand":[],"product_cat":[92,138],"product_tag":[],"class_list":{"0":"post-3641","1":"product","2":"type-product","3":"status-publish","4":"has-post-thumbnail","6":"product_cat-biohealthchip","7":"product_cat-otros-productos-antialergicos","9":"first","10":"instock","11":"featured","12":"shipping-taxable","13":"purchasable","14":"product-type-simple"},"_links":{"self":[{"href":"https:\/\/espaginasweb.com\/sinalergia\/wp-json\/wp\/v2\/product\/3641","targetHints":{"allow":["GET"]}}],"collection":[{"href":"https:\/\/espaginasweb.com\/sinalergia\/wp-json\/wp\/v2\/product"}],"about":[{"href":"https:\/\/espaginasweb.com\/sinalergia\/wp-json\/wp\/v2\/types\/product"}],"wp:featuredmedia":[{"embeddable":true,"href":"https:\/\/espaginasweb.com\/sinalergia\/wp-json\/wp\/v2\/media\/3642"}],"wp:attachment":[{"href":"https:\/\/espaginasweb.com\/sinalergia\/wp-json\/wp\/v2\/media?parent=3641"}],"wp:term":[{"taxonomy":"product_brand","embeddable":true,"href":"https:\/\/espaginasweb.com\/sinalergia\/wp-json\/wp\/v2\/product_brand?post=3641"},{"taxonomy":"product_cat","embeddable":true,"href":"https:\/\/espaginasweb.com\/sinalergia\/wp-json\/wp\/v2\/product_cat?post=3641"},{"taxonomy":"product_tag","embeddable":true,"href":"https:\/\/espaginasweb.com\/sinalergia\/wp-json\/wp\/v2\/product_tag?post=3641"}],"curies":[{"name":"wp","href":"https:\/\/api.w.org\/{rel}","templated":true}]}}