{"id":3602,"date":"2023-01-11T00:39:20","date_gmt":"2023-01-11T00:39:20","guid":{"rendered":"https:\/\/espaginasweb.com\/sinalergia\/?post_type=product&#038;p=3602"},"modified":"2025-09-10T11:21:58","modified_gmt":"2025-09-10T14:21:58","slug":"sinurinse-pediatrico-limpieza-nasal","status":"publish","type":"product","link":"https:\/\/espaginasweb.com\/sinalergia\/tienda\/sinurinse-pediatrico-limpieza-nasal\/","title":{"rendered":"Sinus Rinse Pediatrico 30 Sachets Pedi\u00e1trico"},"content":{"rendered":"<p>Utilice para aliviar:<\/p>\n<p>\u2022 S\u00edntomas nasales del resfriado, gripe.<\/p>\n<p>\u2022 Alergias y congesti\u00f3n nasal.<\/p>\n<p>\u2022 Las alergias provenientes del polvo en lugar de trabajo o en casa, caspa de animales, plantas, polen, smog, etc.<\/p>\n<p>\u2022 Presi\u00f3n en los senos nasales y congesti\u00f3n nasal.<\/p>\n<p>\u2022 Asma.<\/p>\n<p>\u2022 Ronquidos y apnea del sue\u00f1o.<\/p>\n<p>\u2022 Casi cualquier condici\u00f3n aguda o cr\u00f3nica, donde uno siente mucosidad excesiva en las fosas nasales y senos paranasales.<\/p>\n<p>Ventajas<\/p>\n<p>\u2022 Ayuda a tu hijo a respirar mejor en el d\u00eda o en la noche.<\/p>\n<p>\u2022 Lavado calmante, sin ardor ni picaz\u00f3n de gran volumen y Sistema de Baja Presi\u00f3n \u2122 para una hidrataci\u00f3n e higiene nasal diaria mediante soluci\u00f3n salina.<\/p>\n<p>\u2022 La tapa est\u00e1 dise\u00f1ada para adaptarse a cualquier abertura nasal.<\/p>\n<p>\u2022 Envase flexible f\u00e1cil de limpiar.<\/p>\n<p>\u2022 Libre de conservantes, drogas, yodo, BPA, gluten y L\u00e1tex<\/p>\n<p>\u2022 Sobres premezclados de Cloruro de sodio y bicarbonato de sodio de grado USP (nivel de pureza del 99% o superior)<\/p>\n<p>\u2022 PH equilibrado e isot\u00f3nica o hipert\u00f3nica con dos o m\u00e1s sobres.<\/p>\n<p>\u2022 Flujo suave con envase f\u00e1cil de comprimir. Principios Activos:<\/p>\n<p>\u2022 Cloruro de Sodio Bicarbonato de Sodio El Kit incluye<\/p>\n<p>\u2022 1 frasco de enjuague de 120 ml.<\/p>\n<p>\u2022 1 tapa negra y tubo dise\u00f1ados a la medida.<\/p>\n<p>\u2022 30 sobres de una mezcla (de pH equilibrado, ingredientes naturales, isot\u00f3nica, sin conservante ni yodo) de cloruro de sodio y bicarbonato de sodio de grado USP (nivel de pureza 99% o superior)<\/p>\n<p>\u2022 Folleto educativo con instrucciones de uso.<\/p>\n","protected":false},"excerpt":{"rendered":"<p>SinuRinse Ni\u00f1os 30 sachets<br \/>\nSinuRinse Pedi\u00e1trico es un kit, especialmente dise\u00f1ado para ni\u00f1os, de higiene e hidrataci\u00f3n diaria para las fosas nasales y senos paranasales en base a una soluci\u00f3n salina con sistema de lavado de gran volumen y baja presi\u00f3n.<\/p>\n","protected":false},"featured_media":3603,"template":"","meta":[],"product_brand":[],"product_cat":[89],"product_tag":[137],"class_list":{"0":"post-3602","1":"product","2":"type-product","3":"status-publish","4":"has-post-thumbnail","6":"product_cat-limpieza-nasal","7":"product_tag-rinitis-alergica","9":"first","10":"instock","11":"shipping-taxable","12":"purchasable","13":"product-type-simple"},"_links":{"self":[{"href":"https:\/\/espaginasweb.com\/sinalergia\/wp-json\/wp\/v2\/product\/3602","targetHints":{"allow":["GET"]}}],"collection":[{"href":"https:\/\/espaginasweb.com\/sinalergia\/wp-json\/wp\/v2\/product"}],"about":[{"href":"https:\/\/espaginasweb.com\/sinalergia\/wp-json\/wp\/v2\/types\/product"}],"wp:featuredmedia":[{"embeddable":true,"href":"https:\/\/espaginasweb.com\/sinalergia\/wp-json\/wp\/v2\/media\/3603"}],"wp:attachment":[{"href":"https:\/\/espaginasweb.com\/sinalergia\/wp-json\/wp\/v2\/media?parent=3602"}],"wp:term":[{"taxonomy":"product_brand","embeddable":true,"href":"https:\/\/espaginasweb.com\/sinalergia\/wp-json\/wp\/v2\/product_brand?post=3602"},{"taxonomy":"product_cat","embeddable":true,"href":"https:\/\/espaginasweb.com\/sinalergia\/wp-json\/wp\/v2\/product_cat?post=3602"},{"taxonomy":"product_tag","embeddable":true,"href":"https:\/\/espaginasweb.com\/sinalergia\/wp-json\/wp\/v2\/product_tag?post=3602"}],"curies":[{"name":"wp","href":"https:\/\/api.w.org\/{rel}","templated":true}]}}