{"id":3575,"date":"2023-01-11T00:17:26","date_gmt":"2023-01-11T00:17:26","guid":{"rendered":"https:\/\/espaginasweb.com\/sinalergia\/?post_type=product&#038;p=3575"},"modified":"2025-09-05T19:19:44","modified_gmt":"2025-09-05T19:19:44","slug":"almohada-antiacaro-antilergica-cuna-30x70","status":"publish","type":"product","link":"https:\/\/espaginasweb.com\/sinalergia\/tienda\/almohada-antiacaro-antilergica-cuna-30x70\/","title":{"rendered":"Almohada Cuna Antiacaro 30&#215;70"},"content":{"rendered":"<p>Almohada 100% antial\u00e9rgica &#8211; anti\u00e1caros. Fabricada con tela Pristine, \u00fanica tela tejida con microporos que bloquea el paso de los \u00e1caros del polvo y otros alergenos. Dimensi\u00f3n: 30&#215;70 cm<\/p>\n","protected":false},"excerpt":{"rendered":"<p>Almohada 100% antial\u00e9rgica &#8211; anti\u00e1caros. Fabricada con tela Pristine, \u00fanica tela tejida con microporos que bloquea el paso de los \u00e1caros del polvo y otros alergenos. Dimensi\u00f3n: 30&#215;70 cm<\/p>\n","protected":false},"featured_media":3576,"template":"","meta":[],"product_brand":[],"product_cat":[80,86],"product_tag":[122],"class_list":{"0":"post-3575","1":"product","2":"type-product","3":"status-publish","4":"has-post-thumbnail","6":"product_cat-fundas-antiacaros","7":"product_cat-almohadas-antiacaros","8":"product_tag-acaros","10":"first","11":"instock","12":"shipping-taxable","13":"purchasable","14":"product-type-simple"},"_links":{"self":[{"href":"https:\/\/espaginasweb.com\/sinalergia\/wp-json\/wp\/v2\/product\/3575","targetHints":{"allow":["GET"]}}],"collection":[{"href":"https:\/\/espaginasweb.com\/sinalergia\/wp-json\/wp\/v2\/product"}],"about":[{"href":"https:\/\/espaginasweb.com\/sinalergia\/wp-json\/wp\/v2\/types\/product"}],"wp:featuredmedia":[{"embeddable":true,"href":"https:\/\/espaginasweb.com\/sinalergia\/wp-json\/wp\/v2\/media\/3576"}],"wp:attachment":[{"href":"https:\/\/espaginasweb.com\/sinalergia\/wp-json\/wp\/v2\/media?parent=3575"}],"wp:term":[{"taxonomy":"product_brand","embeddable":true,"href":"https:\/\/espaginasweb.com\/sinalergia\/wp-json\/wp\/v2\/product_brand?post=3575"},{"taxonomy":"product_cat","embeddable":true,"href":"https:\/\/espaginasweb.com\/sinalergia\/wp-json\/wp\/v2\/product_cat?post=3575"},{"taxonomy":"product_tag","embeddable":true,"href":"https:\/\/espaginasweb.com\/sinalergia\/wp-json\/wp\/v2\/product_tag?post=3575"}],"curies":[{"name":"wp","href":"https:\/\/api.w.org\/{rel}","templated":true}]}}