{"id":3554,"date":"2023-01-10T23:55:55","date_gmt":"2023-01-10T23:55:55","guid":{"rendered":"https:\/\/espaginasweb.com\/sinalergia\/?post_type=product&#038;p=3554"},"modified":"2025-09-05T19:19:21","modified_gmt":"2025-09-05T19:19:21","slug":"funda-cubre-colchon-antiacaro-2-plaza-29-cm","status":"publish","type":"product","link":"https:\/\/espaginasweb.com\/sinalergia\/tienda\/funda-cubre-colchon-antiacaro-2-plaza-29-cm\/","title":{"rendered":"Funda Colch\u00f3n 2 Plaza 29 Cm Altura"},"content":{"rendered":"<p>150 an x 200 la x 29 al  (2 Plaza)<\/p>\n","protected":false},"excerpt":{"rendered":"<p>Cobertor antial\u00e9rgico para colch\u00f3n, hipoalerg\u00e9nico y antibacteriano, protege efectivamente mucosas nasales, bronquios y piel de los \u00e1caros del polvo. Formato colch\u00f3n de 2 plazas altura 29 cm.<\/p>\n<p>150 an x 200 la x 29 al  (2 Plaza)<\/p>\n","protected":false},"featured_media":3549,"template":"","meta":[],"product_brand":[],"product_cat":[80,81],"product_tag":[122],"class_list":{"0":"post-3554","1":"product","2":"type-product","3":"status-publish","4":"has-post-thumbnail","6":"product_cat-fundas-antiacaros","7":"product_cat-funda-colchon-antiacaros","8":"product_tag-acaros","10":"first","11":"instock","12":"shipping-taxable","13":"purchasable","14":"product-type-simple"},"_links":{"self":[{"href":"https:\/\/espaginasweb.com\/sinalergia\/wp-json\/wp\/v2\/product\/3554","targetHints":{"allow":["GET"]}}],"collection":[{"href":"https:\/\/espaginasweb.com\/sinalergia\/wp-json\/wp\/v2\/product"}],"about":[{"href":"https:\/\/espaginasweb.com\/sinalergia\/wp-json\/wp\/v2\/types\/product"}],"wp:featuredmedia":[{"embeddable":true,"href":"https:\/\/espaginasweb.com\/sinalergia\/wp-json\/wp\/v2\/media\/3549"}],"wp:attachment":[{"href":"https:\/\/espaginasweb.com\/sinalergia\/wp-json\/wp\/v2\/media?parent=3554"}],"wp:term":[{"taxonomy":"product_brand","embeddable":true,"href":"https:\/\/espaginasweb.com\/sinalergia\/wp-json\/wp\/v2\/product_brand?post=3554"},{"taxonomy":"product_cat","embeddable":true,"href":"https:\/\/espaginasweb.com\/sinalergia\/wp-json\/wp\/v2\/product_cat?post=3554"},{"taxonomy":"product_tag","embeddable":true,"href":"https:\/\/espaginasweb.com\/sinalergia\/wp-json\/wp\/v2\/product_tag?post=3554"}],"curies":[{"name":"wp","href":"https:\/\/api.w.org\/{rel}","templated":true}]}}

Funda Colchón 2 Plaza 29 Cm Altura

<p>Cobertor antialérgico para colchón, hipoalergénico y antibacteriano, protege efectivamente mucosas nasales, bronquios y piel de los ácaros del polvo. Formato colchón de 2 plazas altura 29 cm.</p>
<p>150 an x 200 la x 29 al  (2 Plaza)</p>
